{"id":244,"date":"2024-04-29T21:43:37","date_gmt":"2024-04-29T19:43:37","guid":{"rendered":"https:\/\/sop-ka.sk\/?page_id=244"},"modified":"2024-04-29T23:12:21","modified_gmt":"2024-04-29T21:12:21","slug":"televizia-tv-raster","status":"publish","type":"page","link":"https:\/\/sop-ka.sk\/?page_id=244","title":{"rendered":"Telev\u00edzia TV Raster"},"content":{"rendered":"<p>[vc_row][vc_column width=&#8220;1\/2&#8243;][vc_column_text]<\/p>\n<table style=\"border-collapse: collapse; width: 94.6227%; height: 274px;\">\n<tbody>\n<tr style=\"height: 10px;\">\n<td style=\"width: 34.8388%; text-align: center; height: 10px;\" colspan=\"5\"><strong>TV Z\u00e1klad<br \/>\n<\/strong><\/td>\n<\/tr>\n<tr style=\"height: 24px;\">\n<td style=\"width: 10%; height: 24px;\"><\/td>\n<td style=\"width: 7.8674%; height: 24px;\" width=\"131\"><span style=\"font-family: georgia, palatino, serif;\">Jednotka<\/span><\/td>\n<td style=\"width: 5.08962%; height: 24px;\"><\/td>\n<td style=\"width: 10.5735%; height: 24px;\" width=\"131\"><span style=\"font-family: georgia, palatino, serif;\">JOJ 24<\/span><\/td>\n<td style=\"width: 1.30825%; height: 24px;\"><\/td>\n<\/tr>\n<tr style=\"height: 24px;\">\n<td style=\"width: 10%; height: 24px;\"><\/td>\n<td style=\"width: 7.8674%; height: 24px;\"><span style=\"font-family: georgia, palatino, serif;\">Dvojka<\/span><\/td>\n<td style=\"width: 5.08962%; height: 24px;\"><\/td>\n<td style=\"width: 10.5735%; height: 24px;\"><span style=\"font-family: georgia, palatino, serif;\">\u010cT 1<\/span><\/td>\n<td style=\"width: 1.30825%; height: 24px;\"><\/td>\n<\/tr>\n<tr style=\"height: 24px;\">\n<td style=\"width: 10%; height: 24px;\"><\/td>\n<td style=\"width: 7.8674%; height: 24px;\"><span style=\"font-family: georgia, palatino, serif;\">RTVS \u0160port<\/span><\/td>\n<td style=\"width: 5.08962%; height: 24px;\"><\/td>\n<td style=\"width: 10.5735%; height: 24px;\"><span style=\"font-family: georgia, palatino, serif;\">\u010cT 2<\/span><\/td>\n<td style=\"width: 1.30825%; height: 24px;\"><\/td>\n<\/tr>\n<tr style=\"height: 24px;\">\n<td style=\"width: 10%; height: 24px;\"><\/td>\n<td style=\"width: 7.8674%; height: 24px;\"><span style=\"font-family: georgia, palatino, serif;\">RTVS :24<\/span><\/td>\n<td style=\"width: 5.08962%; height: 24px;\"><\/td>\n<td style=\"width: 10.5735%; height: 24px;\"><span style=\"font-family: georgia, palatino, serif;\">\u010cT 24<\/span><\/td>\n<td style=\"width: 1.30825%; height: 24px;\"><\/td>\n<\/tr>\n<tr style=\"height: 24px;\">\n<td style=\"width: 10%; height: 24px;\"><\/td>\n<td style=\"width: 7.8674%; height: 24px;\"><span style=\"font-family: georgia, palatino, serif;\">Mark\u00edza<\/span><\/td>\n<td style=\"width: 5.08962%; height: 24px;\"><\/td>\n<td style=\"width: 10.5735%; height: 24px;\"><span style=\"font-family: georgia, palatino, serif;\">TA3<\/span><\/td>\n<td style=\"width: 1.30825%; height: 24px;\"><\/td>\n<\/tr>\n<tr style=\"height: 24px;\">\n<td style=\"width: 10%; height: 24px;\"><\/td>\n<td style=\"width: 7.8674%; height: 24px;\"><span style=\"font-family: georgia, palatino, serif;\">Doma<\/span><\/td>\n<td style=\"width: 5.08962%; height: 24px;\"><\/td>\n<td style=\"width: 10.5735%; height: 24px;\"><span style=\"font-family: georgia, palatino, serif;\">TV Barrandov<\/span><\/td>\n<td style=\"width: 1.30825%; height: 24px;\"><\/td>\n<\/tr>\n<tr style=\"height: 24px;\">\n<td style=\"width: 10%; height: 24px;\"><\/td>\n<td style=\"width: 7.8674%; height: 24px;\"><span style=\"font-family: georgia, palatino, serif;\">Dajto<\/span><\/td>\n<td style=\"width: 5.08962%; height: 24px;\"><\/td>\n<td style=\"width: 10.5735%; height: 24px;\"><span style=\"font-family: georgia, palatino, serif;\">\u0160l\u00e1ger 2 (Muzika)<\/span><\/td>\n<td style=\"width: 1.30825%; height: 24px;\"><\/td>\n<\/tr>\n<tr style=\"height: 24px;\">\n<td style=\"width: 10%; height: 24px;\"><\/td>\n<td style=\"width: 7.8674%; height: 24px;\"><span style=\"font-family: georgia, palatino, serif;\">Mark\u00edza Krimi<\/span><\/td>\n<td style=\"width: 5.08962%; height: 24px;\"><\/td>\n<td style=\"width: 10.5735%; height: 24px;\"><span style=\"font-family: georgia, palatino, serif;\">Prima Plus<\/span><\/td>\n<td style=\"width: 1.30825%; height: 24px;\"><\/td>\n<\/tr>\n<tr style=\"height: 24px;\">\n<td style=\"width: 10%; height: 24px;\"><\/td>\n<td style=\"width: 7.8674%; height: 24px;\"><span style=\"font-family: georgia, palatino, serif;\">JOJ<\/span><\/td>\n<td style=\"width: 5.08962%; height: 24px;\"><\/td>\n<td style=\"width: 10.5735%; height: 24px;\"><\/td>\n<td style=\"width: 1.30825%; height: 24px;\"><\/td>\n<\/tr>\n<tr style=\"height: 24px;\">\n<td style=\"width: 10%; height: 24px;\"><\/td>\n<td style=\"width: 7.8674%; height: 24px;\"><span style=\"font-family: georgia, palatino, serif;\">JOJ Plus<\/span><\/td>\n<td style=\"width: 5.08962%; height: 24px;\"><\/td>\n<td style=\"width: 10.5735%; height: 24px;\"><span style=\"font-family: georgia, palatino, serif;\"><strong>Kino Barrandov<\/strong><\/span><\/td>\n<td style=\"width: 1.30825%; height: 24px;\"><\/td>\n<\/tr>\n<tr style=\"height: 24px;\">\n<td style=\"width: 10%; height: 24px;\"><\/td>\n<td style=\"width: 7.8674%; height: 24px;\"><span style=\"font-family: georgia, palatino, serif;\">Wau<\/span><\/td>\n<td style=\"width: 5.08962%; height: 24px;\"><\/td>\n<td style=\"width: 10.5735%; height: 24px;\"><span style=\"font-family: georgia, palatino, serif;\"><strong>Krimi Barrandov<\/strong><\/span><\/td>\n<td style=\"width: 1.30825%; height: 24px;\"><\/td>\n<\/tr>\n<\/tbody>\n<\/table>\n<p>[\/vc_column_text][vc_btn title=&#8220;Slovanet TV&#8220; color=&#8220;vista-blue&#8220; size=&#8220;lg&#8220; link=&#8220;url:https%3A%2F%2Fwww.slovanet.net%2Ftelevizia%2F%3Ftab%3Dslovanet-tv|title:Slovanet%20TV|target:_blank&#8220;][\/vc_column][vc_column width=&#8220;1\/2&#8243;][vc_column_text]<\/p>\n<table style=\"height: 458px; width: 81.0925%; border-collapse: collapse;\">\n<tbody>\n<tr style=\"height: 24px;\">\n<td style=\"width: 18.559%; height: 24px; text-align: center;\" colspan=\"4\"><strong><span style=\"font-family: georgia, palatino, serif; font-size: 14pt;\">Roz\u0161\u00edren\u00e1 tv<\/span><\/strong><\/td>\n<\/tr>\n<tr style=\"height: 24px;\">\n<td style=\"width: 5%; height: 24px;\" width=\"131\"><span style=\"font-family: georgia, palatino, serif;\">Jednotka<\/span><\/td>\n<td style=\"width: 4.55408%; height: 24px;\" width=\"131\"><span style=\"font-family: georgia, palatino, serif;\">M1<\/span><\/td>\n<td style=\"width: 4.15263%; height: 24px;\" width=\"131\"><span style=\"font-family: georgia, palatino, serif;\">Viasat History<\/span><\/td>\n<td style=\"width: 4.85233%; height: 24px;\"><span style=\"font-family: georgia, palatino, serif;\">Test &#8211; Prima Cool<\/span><\/td>\n<\/tr>\n<tr style=\"height: 24px;\">\n<td style=\"width: 5%; height: 10px;\"><span style=\"font-family: georgia, palatino, serif;\">Dvojka<\/span><\/td>\n<td style=\"width: 4.55408%; height: 10px;\"><span style=\"font-family: georgia, palatino, serif;\">M2<\/span><\/td>\n<td style=\"width: 4.15263%; height: 10px;\"><span style=\"font-family: georgia, palatino, serif;\">Viasat Nature<\/span><\/td>\n<td style=\"width: 4.85233%; height: 10px;\" width=\"131\"><span style=\"font-family: georgia, palatino, serif;\">TV2 S\u00e9f<\/span><\/td>\n<\/tr>\n<tr style=\"height: 48px;\">\n<td style=\"width: 5%; height: 10px;\"><span style=\"font-family: georgia, palatino, serif;\">RTVS \u0160port<\/span><\/td>\n<td style=\"width: 4.55408%; height: 10px;\"><span style=\"font-family: georgia, palatino, serif;\">Duna<\/span><\/td>\n<td style=\"width: 4.15263%; height: 10px;\"><span style=\"font-family: georgia, palatino, serif;\">Discovery Channel<\/span><\/td>\n<td style=\"width: 4.85233%; height: 10px;\"><span style=\"font-family: georgia, palatino, serif;\">Super TV2<\/span><\/td>\n<\/tr>\n<tr style=\"height: 24px;\">\n<td style=\"width: 5%; height: 10px;\"><span style=\"font-family: georgia, palatino, serif;\">RTVS :24<\/span><\/td>\n<td style=\"width: 4.55408%; height: 10px;\"><span style=\"font-family: georgia, palatino, serif;\">Duna World<\/span><\/td>\n<td style=\"width: 4.15263%; height: 10px;\"><span style=\"font-family: georgia, palatino, serif;\">TLC<\/span><\/td>\n<td style=\"width: 4.85233%; height: 10px;\"><strong><span style=\"font-family: georgia, palatino, serif;\">CS Horror<\/span><\/strong><\/td>\n<\/tr>\n<tr style=\"height: 24px;\">\n<td style=\"width: 5%; height: 24px;\"><span style=\"font-family: georgia, palatino, serif;\">Mark\u00edza<\/span><\/td>\n<td style=\"width: 4.55408%; height: 24px;\"><span style=\"font-family: georgia, palatino, serif;\">RTL Klub<\/span><\/td>\n<td style=\"width: 4.15263%; height: 24px;\"><span style=\"font-family: georgia, palatino, serif;\">Animal Planet<\/span><\/td>\n<td style=\"width: 4.85233%; height: 24px;\"><strong><span style=\"font-family: georgia, palatino, serif;\">O\u010dko Star<\/span><\/strong><\/td>\n<\/tr>\n<tr style=\"height: 24px;\">\n<td style=\"width: 5%; height: 24px;\"><span style=\"font-family: georgia, palatino, serif;\">Doma<\/span><\/td>\n<td style=\"width: 4.55408%; height: 24px;\"><span style=\"font-family: georgia, palatino, serif;\">TV2<\/span><\/td>\n<td style=\"width: 4.15263%; height: 24px;\"><span style=\"font-family: georgia, palatino, serif;\">Eurosport1<\/span><\/td>\n<td style=\"width: 4.85233%; height: 24px;\"><strong><span style=\"font-family: georgia, palatino, serif;\">O\u010dko Expres<\/span><\/strong><\/td>\n<\/tr>\n<tr style=\"height: 24px;\">\n<td style=\"width: 5%; height: 24px;\"><span style=\"font-family: georgia, palatino, serif;\">Dajto<\/span><\/td>\n<td style=\"width: 4.55408%; height: 24px;\"><span style=\"font-family: georgia, palatino, serif;\">BBC World<\/span><\/td>\n<td style=\"width: 4.15263%; height: 24px;\"><span style=\"font-family: georgia, palatino, serif;\">Eurosport2<\/span><\/td>\n<td style=\"width: 4.85233%; height: 24px;\"><strong><span style=\"font-family: georgia, palatino, serif;\">\u0160l\u00e1ger 1 (Origin\u00e1l)<\/span><\/strong><\/td>\n<\/tr>\n<tr style=\"height: 24px;\">\n<td style=\"width: 5%; height: 24px;\"><span style=\"font-family: georgia, palatino, serif;\">Mark\u00edza Krimi<\/span><\/td>\n<td style=\"width: 4.55408%; height: 24px;\"><span style=\"font-family: georgia, palatino, serif;\">TV8<\/span><\/td>\n<td style=\"width: 4.15263%; height: 24px;\"><span style=\"font-family: georgia, palatino, serif;\">Sport 1<\/span><\/td>\n<td style=\"width: 4.85233%; height: 24px;\"><strong><span style=\"font-family: georgia, palatino, serif;\">\u0160l\u00e1ger Premium HD<\/span><\/strong><\/td>\n<\/tr>\n<tr style=\"height: 24px;\">\n<td style=\"width: 5%; height: 24px;\"><span style=\"font-family: georgia, palatino, serif;\">JOJ<\/span><\/td>\n<td style=\"width: 4.55408%; height: 24px;\"><span style=\"font-family: georgia, palatino, serif;\">Lux<\/span><\/td>\n<td style=\"width: 4.15263%; height: 24px;\"><span style=\"font-family: georgia, palatino, serif;\">Sport 2<\/span><\/td>\n<td style=\"width: 4.85233%; height: 24px;\"><strong><span style=\"font-family: georgia, palatino, serif;\">FEM3<\/span><\/strong><\/td>\n<\/tr>\n<tr style=\"height: 24px;\">\n<td style=\"width: 5%; height: 24px;\"><span style=\"font-family: georgia, palatino, serif;\">JOJ Plus<\/span><\/td>\n<td style=\"width: 4.55408%; height: 24px;\"><span style=\"font-family: georgia, palatino, serif;\">Film+<\/span><\/td>\n<td style=\"width: 4.15263%; height: 24px;\"><span style=\"font-family: georgia, palatino, serif;\">Nova Sport 1<\/span><\/td>\n<td style=\"width: 4.85233%; height: 24px;\"><\/td>\n<\/tr>\n<tr style=\"height: 24px;\">\n<td style=\"width: 5%; height: 24px;\"><span style=\"font-family: georgia, palatino, serif;\">Wau<\/span><\/td>\n<td style=\"width: 4.55408%; height: 24px;\"><span style=\"font-family: georgia, palatino, serif;\">CS Film<\/span><\/td>\n<td style=\"width: 4.15263%; height: 24px;\"><span style=\"font-family: georgia, palatino, serif;\">Nova Sport 2<\/span><\/td>\n<td style=\"width: 4.85233%; height: 24px;\"><\/td>\n<\/tr>\n<tr style=\"height: 48px;\">\n<td style=\"width: 5%; height: 18px;\"><span style=\"font-family: georgia, palatino, serif;\">JOJ 24<\/span><\/td>\n<td style=\"width: 4.55408%; height: 18px;\"><span style=\"font-family: georgia, palatino, serif;\">CS Mystery<\/span><\/td>\n<td style=\"width: 4.15263%; height: 18px;\" width=\"131\"><span style=\"font-family: georgia, palatino, serif;\">Nova International<\/span><\/td>\n<td style=\"width: 4.85233%; height: 18px;\"><\/td>\n<\/tr>\n<tr style=\"height: 24px;\">\n<td style=\"width: 5%; height: 24px;\"><span style=\"font-family: georgia, palatino, serif;\">\u010cT 1<\/span><\/td>\n<td style=\"width: 4.55408%; height: 24px;\"><span style=\"font-family: georgia, palatino, serif;\">JOJ Cinema<\/span><\/td>\n<td style=\"width: 4.15263%; height: 24px;\"><span style=\"font-family: georgia, palatino, serif;\">\u00d3\u010dko<\/span><\/td>\n<td style=\"width: 4.85233%; height: 24px;\"><\/td>\n<\/tr>\n<tr style=\"height: 24px;\">\n<td style=\"width: 5%; height: 24px;\"><span style=\"font-family: georgia, palatino, serif;\">\u010cT 2<\/span><\/td>\n<td style=\"width: 4.55408%; height: 24px;\"><span style=\"font-family: georgia, palatino, serif;\">JOJ \u0160port<\/span><\/td>\n<td style=\"width: 4.15263%; height: 24px;\"><span style=\"font-family: georgia, palatino, serif;\">Senzi<\/span><\/td>\n<td style=\"width: 4.85233%; height: 24px;\"><\/td>\n<\/tr>\n<tr style=\"height: 24px;\">\n<td style=\"width: 5%; height: 24px;\"><span style=\"font-family: georgia, palatino, serif;\">\u010cT 24<\/span><\/td>\n<td style=\"width: 4.55408%; height: 24px;\"><span style=\"font-family: georgia, palatino, serif;\">Jojko<\/span><\/td>\n<td style=\"width: 4.15263%; height: 24px;\"><span style=\"font-family: georgia, palatino, serif;\">TV Paprika<\/span><\/td>\n<td style=\"width: 4.85233%; height: 24px;\"><\/td>\n<\/tr>\n<tr style=\"height: 24px;\">\n<td style=\"width: 5%; height: 24px;\"><span style=\"font-family: georgia, palatino, serif;\">TA3<\/span><\/td>\n<td style=\"width: 4.55408%; height: 24px;\"><span style=\"font-family: georgia, palatino, serif;\">Rik<\/span><\/td>\n<td style=\"width: 4.15263%; height: 24px;\"><span style=\"font-family: georgia, palatino, serif;\">Test &#8211; Rebel<\/span><\/td>\n<td style=\"width: 4.85233%; height: 24px;\"><\/td>\n<\/tr>\n<tr style=\"height: 24px;\">\n<td style=\"width: 5%; height: 24px;\"><span style=\"font-family: georgia, palatino, serif;\">TV Barrandov<\/span><\/td>\n<td style=\"width: 4.55408%; height: 24px;\"><span style=\"font-family: georgia, palatino, serif;\">Nick Jr.<\/span><\/td>\n<td style=\"width: 4.15263%; height: 24px;\"><span style=\"font-family: georgia, palatino, serif;\">Test &#8211; M4<\/span><\/td>\n<td style=\"width: 4.85233%; height: 24px;\"><\/td>\n<\/tr>\n<tr style=\"height: 48px;\">\n<td style=\"width: 5%; height: 10px;\"><span style=\"font-family: georgia, palatino, serif;\">\u0160l\u00e1ger 2 (Muzika)<\/span><\/td>\n<td style=\"width: 4.55408%; height: 10px;\"><span style=\"font-family: georgia, palatino, serif;\">JimJam<\/span><\/td>\n<td style=\"width: 4.15263%; height: 10px;\"><span style=\"font-family: georgia, palatino, serif;\">Test &#8211; Prima Zoom<\/span><\/td>\n<td style=\"width: 4.85233%; height: 10px;\"><\/td>\n<\/tr>\n<tr style=\"height: 48px;\">\n<td style=\"width: 5%; height: 15px;\"><span style=\"font-family: georgia, palatino, serif;\">Prima Plus<\/span><\/td>\n<td style=\"width: 4.55408%; height: 15px;\"><span style=\"font-family: georgia, palatino, serif;\">Minimax<\/span><\/td>\n<td style=\"width: 4.15263%; height: 15px;\"><span style=\"font-family: georgia, palatino, serif;\">Test &#8211; Prima Max<\/span><\/td>\n<td style=\"width: 4.85233%; height: 15px;\"><\/td>\n<\/tr>\n<tr style=\"height: 48px;\">\n<td style=\"width: 5%; height: 24px;\"><span style=\"font-family: georgia, palatino, serif;\">Krimi Barrandov<\/span><\/td>\n<td style=\"width: 4.55408%; height: 24px;\"><span style=\"font-family: georgia, palatino, serif;\">National Geographic<\/span><\/td>\n<td style=\"width: 4.15263%; height: 24px;\"><span style=\"font-family: georgia, palatino, serif;\">Test &#8211; Prima Love<\/span><\/td>\n<td style=\"width: 4.85233%; height: 24px;\"><\/td>\n<\/tr>\n<tr style=\"height: 48px;\">\n<td style=\"width: 5%; height: 25px;\"><span style=\"font-family: georgia, palatino, serif;\">Kino Barrandov<\/span><\/td>\n<td style=\"width: 4.55408%; height: 25px;\"><span style=\"font-family: georgia, palatino, serif;\">Viasat Explore<\/span><\/td>\n<td style=\"width: 4.15263%; height: 25px;\"><span style=\"font-family: georgia, palatino, serif;\">Test &#8211; Prima Krimi<\/span><\/td>\n<td style=\"width: 4.85233%; height: 25px;\"><\/td>\n<\/tr>\n<\/tbody>\n<\/table>\n<p>[\/vc_column_text][\/vc_column][\/vc_row]<\/p>\n","protected":false},"excerpt":{"rendered":"<p>[vc_row][vc_column width=&#8220;1\/2&#8243;][vc_column_text] TV Z\u00e1klad Jednotka JOJ 24 Dvojka \u010cT 1 RTVS \u0160port \u010cT 2 RTVS :24 \u010cT 24 Mark\u00edza TA3 Doma TV Barrandov Dajto \u0160l\u00e1ger 2 (Muzika) Mark\u00edza Krimi Prima Plus JOJ JOJ Plus Kino Barrandov Wau Krimi Barrandov [\/vc_column_text][vc_btn&#8230;<\/p>\n","protected":false},"author":1,"featured_media":0,"parent":0,"menu_order":0,"comment_status":"closed","ping_status":"closed","template":"","meta":{"footnotes":""},"class_list":["post-244","page","type-page","status-publish","hentry"],"_links":{"self":[{"href":"https:\/\/sop-ka.sk\/index.php?rest_route=\/wp\/v2\/pages\/244","targetHints":{"allow":["GET"]}}],"collection":[{"href":"https:\/\/sop-ka.sk\/index.php?rest_route=\/wp\/v2\/pages"}],"about":[{"href":"https:\/\/sop-ka.sk\/index.php?rest_route=\/wp\/v2\/types\/page"}],"author":[{"embeddable":true,"href":"https:\/\/sop-ka.sk\/index.php?rest_route=\/wp\/v2\/users\/1"}],"replies":[{"embeddable":true,"href":"https:\/\/sop-ka.sk\/index.php?rest_route=%2Fwp%2Fv2%2Fcomments&post=244"}],"version-history":[{"count":34,"href":"https:\/\/sop-ka.sk\/index.php?rest_route=\/wp\/v2\/pages\/244\/revisions"}],"predecessor-version":[{"id":283,"href":"https:\/\/sop-ka.sk\/index.php?rest_route=\/wp\/v2\/pages\/244\/revisions\/283"}],"wp:attachment":[{"href":"https:\/\/sop-ka.sk\/index.php?rest_route=%2Fwp%2Fv2%2Fmedia&parent=244"}],"curies":[{"name":"wp","href":"https:\/\/api.w.org\/{rel}","templated":true}]}}